{"id":12,"date":"2012-04-24T08:58:11","date_gmt":"2012-04-24T06:58:11","guid":{"rendered":"http:\/\/druck-pfund.de\/?page_id=12"},"modified":"2012-04-27T21:01:36","modified_gmt":"2012-04-27T19:01:36","slug":"uber-uns","status":"publish","type":"page","link":"http:\/\/druck-pfund.de\/?page_id=12","title":{"rendered":"\u00dcber uns"},"content":{"rendered":"<p><span style=\"color: #333399;\">Sehr geehrte Damen und Herren, Liebe Kunden,<\/span><\/p>\n<p><span style=\"color: #333399;\">wir freuen uns, dass Sie den Weg auf unsere neue Internetseite gefunden haben.<\/span><\/p>\n<p><span style=\"color: #333399;\">Hiermit m\u00f6chten wir uns und unsere Druckerei einmal kurz vorstellen.<\/span><\/p>\n<p><span style=\"color: #333399;\">Wie Sie vielleicht wissen, besteht die Druckerei R. Pfund GmbH seit mehr als 100 Jahren, in der\u00a0Schlo\u00dfgasse 10 in Alzey. Passend zu unserem 110-j\u00e4hrigem Jubil\u00e4um, ziehen wir in neue und gr\u00f6\u00dfere R\u00e4ume um \u2013 Sie finden uns ab 3. Januar 2011 in der Antoniterstra\u00dfe 69 in Alzey.<\/span><\/p>\n<p><span style=\"color: #333399;\">Ins Leben gerufen wurde unsere Druckerei von dem Namensgeber Reinhold Pfund am 1. August\u00a01901. Es werden nun seit mehr als zehn Jahrzehnte Tradition und Technik immer wieder neu miteinander verkn\u00fcpft.<\/span><\/p>\n<p><a style=\"font-style: normal; line-height: 24px; text-decoration: underline;\" href=\"http:\/\/druck-pfund.de\/wp-content\/uploads\/2012\/04\/IMG_2433_klein.jpg\" rel=\"lightbox[12]\"><img loading=\"lazy\" decoding=\"async\" class=\"alignleft size-medium wp-image-140\" style=\"border-style: initial; border-color: initial; margin-top: 0.4em; background-image: initial; background-attachment: initial; background-origin: initial; background-clip: initial; background-color: #eeeeee;\" title=\"IMG_2433_klein\" src=\"http:\/\/druck-pfund.de\/wp-content\/uploads\/2012\/04\/IMG_2433_klein-300x200.jpg\" alt=\"\" width=\"300\" height=\"200\" srcset=\"http:\/\/druck-pfund.de\/wp-content\/uploads\/2012\/04\/IMG_2433_klein-300x200.jpg 300w, http:\/\/druck-pfund.de\/wp-content\/uploads\/2012\/04\/IMG_2433_klein-449x300.jpg 449w, http:\/\/druck-pfund.de\/wp-content\/uploads\/2012\/04\/IMG_2433_klein.jpg 640w\" sizes=\"(max-width: 300px) 100vw, 300px\" \/><\/a><\/p>\n<p><span style=\"color: #333399;\">\u00a0Durch alte Traditionen, wie z. B. durch unsere mittlerweile 5 Tiegel, und unseren\u00a0neuesten Investition, sprich neuester Computertechnik im Fotosatzbereich, mehrfarbigem Offsetdruck, dem Eindruck von Haftetiketten oder auch der Druckveredelung (Hei\u00dffolienpr\u00e4gung) k\u00f6nnen\u00a0wir sicher den Vorstellungen vom Erscheinungsbild Ihres Betriebes gerecht werden.<\/span><\/p>\n<p><span style=\"color: #333399;\">Seit Juli 2005 liegt nun die alleinige Gesch\u00e4ftsf\u00fchrung in den H\u00e4nden von dem ehemaligen Mitarbeiter, dem Industriemeister Druck, Matthias Wei\u00df, unterst\u00fctzt von seiner Tochter, der Mediengestalterin f\u00fcr Digital- und Printmedien, Karina Wei\u00df.<\/span><\/p>\n<p><span style=\"color: #333399;\"><a href=\"http:\/\/druck-pfund.de\/wp-content\/uploads\/2012\/04\/IMG_2435_klein.jpg\" rel=\"lightbox[12]\"><img loading=\"lazy\" decoding=\"async\" class=\"alignright size-medium wp-image-141\" title=\"IMG_2435_klein\" src=\"http:\/\/druck-pfund.de\/wp-content\/uploads\/2012\/04\/IMG_2435_klein-300x200.jpg\" alt=\"\" width=\"300\" height=\"200\" srcset=\"http:\/\/druck-pfund.de\/wp-content\/uploads\/2012\/04\/IMG_2435_klein-300x200.jpg 300w, http:\/\/druck-pfund.de\/wp-content\/uploads\/2012\/04\/IMG_2435_klein-449x300.jpg 449w, http:\/\/druck-pfund.de\/wp-content\/uploads\/2012\/04\/IMG_2435_klein.jpg 640w\" sizes=\"(max-width: 300px) 100vw, 300px\" \/><\/a><\/span><\/p>\n<p><span style=\"color: #333399;\">Ebenso stehen eine freundliche und kompetente Beratung, auf den Kunden zugeschnittene individuelle Erstellung der Druckvorlagen, gute Qualit\u00e4t und die Einhaltung der Termine bei uns im Vordergrund.<\/span><\/p>\n<p><span style=\"color: #333399;\">Wir haben uns in den letzten Jahren auch sehr intensiv auf die unterschiedlichsten Bed\u00fcrfnisse der\u00a0rheinhessischen Winzer eingestellt. So geh\u00f6ren nicht nur das Drucken von Etiketten, sondern auch\u00a0der Druck von Weinpreislisten, Briefpapieren, Rechnungsblocks usw. zu unseren St\u00e4rken.<\/span><\/p>\n<p><span style=\"color: #333399;\">Wir bieten die komplette Erstellung Ihrer Drucksachen an \u2013 also vom Gedanken, \u00fcber den Entwurf\u00a0und die Gestaltung bis hin zum fertigen Druck. Kein Pendeln mehr zwischen Grafikb\u00fcro, Druckerei\u00a0und so weiter. So sparen Sie als unser Kunde Zeit und Geld f\u00fcr andere Aufgaben, denn gerade bei\u00a0Gespr\u00e4chs- und Beratungsbedarf\u00a0bietet\u00a0sich die Ortsn\u00e4he und Erreichbarkeit\u00a0an, ebenso ist bei\u00a0uns die Beratung und Flexibilit\u00e4t selbstverst\u00e4ndlich.<\/span><\/p>\n<p><span style=\"color: #333399;\">Neben Aufklebern, Briefumschl\u00e4gen, Familiendrucksachen, Flyern, Formularen, Gesch\u00e4ftsausstattungen, Handzetteln, Hochzeitskarten, Notizbl\u00f6cken, Plakaten, Trauerkarten und Visitenkarten z\u00e4hlen\u00a0wir auch Bildbearbeitung zu unseren Produkten und Leistungen.<\/span><\/p>\n<p><span style=\"color: #333399;\">Wir w\u00fcrden uns freuen, Sie einmal pers\u00f6nlich in unseren R\u00e4umen begr\u00fc\u00dfen zu d\u00fcrfen, um uns vielleicht noch ein wenig besser vorzustellen.<\/span><\/p>\n<p><span style=\"color: #333399;\">Bis dahin verbleiben wir<\/span><\/p>\n<p><span style=\"color: #333399;\">mit freundlichen Gr\u00fc\u00dfen<\/span><\/p>\n<p><span style=\"color: #333399;\">Ihr Team der<\/span><\/p>\n<p><span style=\"color: #333399;\">Druckerei R. Pfund GmbH<\/span><\/p>\n","protected":false},"excerpt":{"rendered":"<p>Sehr geehrte Damen und Herren, Liebe Kunden, wir freuen uns, dass Sie den Weg auf unsere neue Internetseite gefunden haben. Hiermit m\u00f6chten wir uns und unsere Druckerei einmal kurz vorstellen. Wie Sie vielleicht wissen, besteht die Druckerei R. Pfund GmbH &hellip; <a href=\"http:\/\/druck-pfund.de\/?page_id=12\">Weiterlesen <span class=\"meta-nav\">&rarr;<\/span><\/a><\/p>\n","protected":false},"author":1,"featured_media":39,"parent":0,"menu_order":2,"comment_status":"closed","ping_status":"closed","template":"","meta":{"footnotes":""},"yoast_head":"<!-- This site is optimized with the Yoast SEO plugin v22.1 - https:\/\/yoast.com\/wordpress\/plugins\/seo\/ -->\n<title>\u00dcber uns - Druckerei R. Pfund GmbH<\/title>\n<meta name=\"robots\" content=\"index, follow, max-snippet:-1, max-image-preview:large, max-video-preview:-1\" \/>\n<link rel=\"canonical\" href=\"http:\/\/druck-pfund.de\/?page_id=12\" \/>\n<meta property=\"og:locale\" content=\"de_DE\" \/>\n<meta property=\"og:type\" content=\"article\" \/>\n<meta property=\"og:title\" content=\"\u00dcber uns - Druckerei R. Pfund GmbH\" \/>\n<meta property=\"og:description\" content=\"Sehr geehrte Damen und Herren, Liebe Kunden, wir freuen uns, dass Sie den Weg auf unsere neue Internetseite gefunden haben. Hiermit m\u00f6chten wir uns und unsere Druckerei einmal kurz vorstellen. Wie Sie vielleicht wissen, besteht die Druckerei R. Pfund GmbH &hellip; Weiterlesen &rarr;\" \/>\n<meta property=\"og:url\" content=\"http:\/\/druck-pfund.de\/?page_id=12\" \/>\n<meta property=\"og:site_name\" content=\"Druckerei R. Pfund GmbH\" \/>\n<meta property=\"article:modified_time\" content=\"2012-04-27T19:01:36+00:00\" \/>\n<meta property=\"og:image\" content=\"http:\/\/druck-pfund.de\/wp-content\/uploads\/2012\/04\/Beratung-Satz-...1.jpg\" \/>\n\t<meta property=\"og:image:width\" content=\"280\" \/>\n\t<meta property=\"og:image:height\" content=\"198\" \/>\n\t<meta property=\"og:image:type\" content=\"image\/jpeg\" \/>\n<meta name=\"twitter:label1\" content=\"Gesch\u00e4tzte Lesezeit\" \/>\n\t<meta name=\"twitter:data1\" content=\"2\u00a0Minuten\" \/>\n<script type=\"application\/ld+json\" class=\"yoast-schema-graph\">{\"@context\":\"https:\/\/schema.org\",\"@graph\":[{\"@type\":\"WebPage\",\"@id\":\"http:\/\/druck-pfund.de\/?page_id=12\",\"url\":\"http:\/\/druck-pfund.de\/?page_id=12\",\"name\":\"\u00dcber uns - Druckerei R. Pfund GmbH\",\"isPartOf\":{\"@id\":\"http:\/\/druck-pfund.de\/#website\"},\"datePublished\":\"2012-04-24T06:58:11+00:00\",\"dateModified\":\"2012-04-27T19:01:36+00:00\",\"inLanguage\":\"de\",\"potentialAction\":[{\"@type\":\"ReadAction\",\"target\":[\"http:\/\/druck-pfund.de\/?page_id=12\"]}]},{\"@type\":\"WebSite\",\"@id\":\"http:\/\/druck-pfund.de\/#website\",\"url\":\"http:\/\/druck-pfund.de\/\",\"name\":\"Druckerei R. Pfund GmbH\",\"description\":\"Seit \u00fcber 110 Jahren IHRE Druckerei in Alzey!\",\"potentialAction\":[{\"@type\":\"SearchAction\",\"target\":{\"@type\":\"EntryPoint\",\"urlTemplate\":\"http:\/\/druck-pfund.de\/?s={search_term_string}\"},\"query-input\":\"required name=search_term_string\"}],\"inLanguage\":\"de\"}]}<\/script>\n<!-- \/ Yoast SEO plugin. -->","yoast_head_json":{"title":"\u00dcber uns - Druckerei R. Pfund GmbH","robots":{"index":"index","follow":"follow","max-snippet":"max-snippet:-1","max-image-preview":"max-image-preview:large","max-video-preview":"max-video-preview:-1"},"canonical":"http:\/\/druck-pfund.de\/?page_id=12","og_locale":"de_DE","og_type":"article","og_title":"\u00dcber uns - Druckerei R. Pfund GmbH","og_description":"Sehr geehrte Damen und Herren, Liebe Kunden, wir freuen uns, dass Sie den Weg auf unsere neue Internetseite gefunden haben. Hiermit m\u00f6chten wir uns und unsere Druckerei einmal kurz vorstellen. Wie Sie vielleicht wissen, besteht die Druckerei R. Pfund GmbH &hellip; Weiterlesen &rarr;","og_url":"http:\/\/druck-pfund.de\/?page_id=12","og_site_name":"Druckerei R. Pfund GmbH","article_modified_time":"2012-04-27T19:01:36+00:00","og_image":[{"width":"280","height":"198","url":"http:\/\/druck-pfund.de\/wp-content\/uploads\/2012\/04\/Beratung-Satz-...1.jpg","type":"image\/jpeg"}],"twitter_misc":{"Gesch\u00e4tzte Lesezeit":"2\u00a0Minuten"},"schema":{"@context":"https:\/\/schema.org","@graph":[{"@type":"WebPage","@id":"http:\/\/druck-pfund.de\/?page_id=12","url":"http:\/\/druck-pfund.de\/?page_id=12","name":"\u00dcber uns - Druckerei R. Pfund GmbH","isPartOf":{"@id":"http:\/\/druck-pfund.de\/#website"},"datePublished":"2012-04-24T06:58:11+00:00","dateModified":"2012-04-27T19:01:36+00:00","inLanguage":"de","potentialAction":[{"@type":"ReadAction","target":["http:\/\/druck-pfund.de\/?page_id=12"]}]},{"@type":"WebSite","@id":"http:\/\/druck-pfund.de\/#website","url":"http:\/\/druck-pfund.de\/","name":"Druckerei R. Pfund GmbH","description":"Seit \u00fcber 110 Jahren IHRE Druckerei in Alzey!","potentialAction":[{"@type":"SearchAction","target":{"@type":"EntryPoint","urlTemplate":"http:\/\/druck-pfund.de\/?s={search_term_string}"},"query-input":"required name=search_term_string"}],"inLanguage":"de"}]}},"_links":{"self":[{"href":"http:\/\/druck-pfund.de\/index.php?rest_route=\/wp\/v2\/pages\/12"}],"collection":[{"href":"http:\/\/druck-pfund.de\/index.php?rest_route=\/wp\/v2\/pages"}],"about":[{"href":"http:\/\/druck-pfund.de\/index.php?rest_route=\/wp\/v2\/types\/page"}],"author":[{"embeddable":true,"href":"http:\/\/druck-pfund.de\/index.php?rest_route=\/wp\/v2\/users\/1"}],"replies":[{"embeddable":true,"href":"http:\/\/druck-pfund.de\/index.php?rest_route=%2Fwp%2Fv2%2Fcomments&post=12"}],"version-history":[{"count":10,"href":"http:\/\/druck-pfund.de\/index.php?rest_route=\/wp\/v2\/pages\/12\/revisions"}],"predecessor-version":[{"id":115,"href":"http:\/\/druck-pfund.de\/index.php?rest_route=\/wp\/v2\/pages\/12\/revisions\/115"}],"wp:featuredmedia":[{"embeddable":true,"href":"http:\/\/druck-pfund.de\/index.php?rest_route=\/wp\/v2\/media\/39"}],"wp:attachment":[{"href":"http:\/\/druck-pfund.de\/index.php?rest_route=%2Fwp%2Fv2%2Fmedia&parent=12"}],"curies":[{"name":"wp","href":"https:\/\/api.w.org\/{rel}","templated":true}]}}